.
486
Let w(m) = -33*m**2 + 64*m + 139. Determine w(-2).
-121
Let n(r) = 2*r**2 + 1134*r + 105944. Give n(-449).
-20
Let f(h) = 19*h**2 - 20119*h + 40175. Calculate f(2).
13
Let j(n) = 5*n**2 + 77*n - 1021. Calculate j(28).
5055
Let l(b) = b**3 + 416*b**2 - 34571*b + 2911. Give l(-487).
-11
Let o(f) = -21604*f - 3327007. What is o(-154)?
9
Let w(o) = -o**3 + 221*o**2 - 8892*o - 1974. What is w(168)?
42
Let q(a) = -56*a**2 + 3187*a + 305. Determine q(57).
20
Let u(w) = w**3 + 88483*w**2 - 353951*w + 18. Calculate u(4).
6
Let n(b) = 2287*b + 194612. Determine n(-85).
217
Let p(t) = 22*t**2 + 1258*t + 18804. What is p(-15)?
4884
Let s(t) = 74*t**3 + 315*t**2 + 18*t - 17. Calculate s(-3).
766
Let v(o) = o**3 + 38*o**2 + 167*o + 1729. What is v(-35)?
-441
Let v(q) = -2*q**3 + 11*q**2 - 6*q - 2. Determine v(5).
-7
Let q(i) = 10329*i + 20660. Determine q(-2).
2
Let v(q) = -13*q**2 - 1047*q + 5592. Give v(5).
32
Let d(q) = q**3 + 2*q**2 - 149*q + 119. Give d(10).
-171
Let o(z) = -2*z**2 + 126*z + 5885. Calculate o(96).
-451
Let v(j) = 290528*j - 2614758. Give v(9).
-6
Let o(u) = -7*u**2 + 573*u + 10201. Give o(-15).
31
Let x(l) = 21552*l - 1228440. What is x(57)?
24
Let k(j) = -j**2 - 1593*j + 1711069. What is k(735)?
-11
Let n(a) = 352*a + 42311. What is n(-120)?
71
Let x(i) = -145*i**3 - 35*i**2 - 6*i + 41. Calculate x(1).
-145
Let x(p) = -24729*p + 394872. Determine x(16).
-792
Let b(i) = -89*i - 25490. What is b(-284)?
-214
Let k(b) = -12*b**2 - 209*b + 7451. Determine k(-35).
66
Let n(j) = 15488*j + 619408. Give n(-40).
-112
Let k(x) = x**3 - 331*x**2 - 3014*x + 461. Determine k(-9).
47
Let r(j) = -2*j**2 + 521*j - 29461. Give r(178).
-91
Let r(k) = 660*k - 131494. Determine r(199).
-154
Let t(x) = 121218*x + 848522. Calculate t(-7).
-4
Let i(t) = -t**2 + 473*t - 29657. Calculate i(75).
193
Let g(d) = 69*d**2 + 937*d + 7447. What is g(-8)?
4367
Let o(p) = -106005*p + 2014066. What is o(19)?
-29
Let v(w) = w**3 - 149*w**2 + 203*w - 8144. What is v(148)?
-4
Let f(d) = -134621*d - 673120. What is f(-5)?
-15
Let h(n) = 3761*n + 443798. Determine h(-118).
0
Let y(b) = -2*b**2 - 171*b - 1361. What is y(-9)?
16
Let b(z) = -z**3 + 13*z**2 + 81*z - 49. Calculate b(18).
-211
Let y(a) = a**3 - 246*a**2 - 32*a + 7747. Determine y(246).
-125
Let g(l) = 30567*l - 213905. Determine g(7).
64
Let b(i) = 6*i**2 + 147*i - 5108. Give b(20).
232
Let y(t) = 2*t**2 - 418*t - 41174. Calculate y(-73).
-2
Let f(h) = -h**3 + 4*h**2 - 6715*h + 26876. Determine f(4).
16
Let y(m) = -2087*m + 70997. Give y(34).
39
Let a(i) = 835*i + 15902. Give a(-19).
37
Let p(n) = -1918*n - 8382. What is p(-4)?
-710
Let y(s) = -2*s**3 - 236*s**2 - 1173*s + 42292. Give y(-111).
1
Let o(i) = -6*i**2 - 272*i + 521. What is o(-45)?
611
Let f(y) = 39*y**2 + 2631*y - 1743. Give f(-68).
-315
Let v(i) = -728*i + 65741. Give v(90).
221
Let h(i) = 7*i**3 - 72*i**2 - 613*i + 3991. What is h(5)?
1
Let p(d) = 37*d**2 - 716*d - 361. Calculate p(20).
119
Let v(o) = -290*o**2 - 4030*o - 57. Determine v(-14).
-477
Let v(c) = 10*c**2 - 160*c - 361. What is v(18)?
-1
Let k(g) = -5672*g - 311968. Give k(-55).
-8
Let u(t) = 118998*t + 2260983. What is u(-19)?
21
Let a(f) = f**3 - 19*f**2 - 657*f + 8783. Calculate a(13).
-772
Let o(a) = 1080717*a - 11887887. Determine o(11).
0
Let m(c) = 654*c**2 - 149*c + 303. Give m(2).
2621
Let v(m) = 1052*m + 18125. Determine v(-21).
-3967
Let y(g) = -65*g - 4055. Give y(-68).
365
Let i(o) = -2987*o**2 - 75*o + 126. Determine i(1).
-2936
Let f(h) = 27*h**3 - 10*h**2 + 104*h - 486. Determine f(5).
3159
Let w(f) = 829*f - 108979. Give w(132).
449
Let k(w) = -759*w + 304366. Calculate k(401).
7
Let y(g) = g**3 + 56*g**2 - 405*g - 41810. Determine y(-41).
10
Let p(w) = -w**2 + 13*w - 643. Give p(21).
-811
Let y(m) = -m**3 - 17*m**2 - 106*m + 632. What is y(0)?
632
Let x(k) = -3*k**2 + 24116*k + 241345. Determine x(-10).
-115
Let f(r) = 1278*r + 17573. Determine f(-13).
959
Let q(a) = -9052*a**2 - 1520744*a - 1348. What is q(-168)?
-4
Let k(g) = 3*g**2 - 179*g + 1960. Give k(14).
42
Let f(n) = -17964*n + 161859. What is f(9)?
183
Let p(f) = -5*f**2 - 84*f + 548. What is p(-22)?
-24
Let z(b) = -b**3 - 134*b**2 - 158*b - 3332. Give z(-133).
-7
Let z(j) = 5947*j - 130827. What is z(22)?
7
Let d(q) = 2*q**2 + 19257*q + 115463. Give d(-6).
-7
Let n(i) = -226*i**2 - 1765*i + 23. Determine n(-8).
-321
Let g(p) = 648*p + 5603. Calculate g(-12).
-2173
Let i(n) = 54*n**2 - 1038*n + 2673. Determine i(3).
45
Let f(d) = -5*d**2 + 517*d + 2603. Give f(-5).
-107
Let y(q) = q**2 + 2434*q - 290502. What is y(114)?
-30
Let s(y) = 2079*y - 29912. Determine s(14).
-806
Let q(m) = 278*m**2 - 31*m - 1. Give q(1).
246
Let m(k) = 135*k**2 + 2569*k + 2450. Calculate m(-1).
16
Let l(z) = -11*z**2 + 629*z + 3268. Calculate l(-5).
-152
Let h(v) = 69*v**3 + 27*v**2 + 9*v - 8. What is h(1)?
97
Let b(o) = -o**3 + 51*o**2 + 282*o - 16144. Give b(50).
456
Let a(k) = -66*k**2 - 784*k - 636. Determine a(-11).
2
Let h(k) = -387455*k + 9298928. Calculate h(24).
8
Let o(u) = -u**3 - 6*u**2 - 981*u - 3865. What is o(-4)?
27
Let c(z) = -711956*z - 8543476. What is c(-12)?
-4
Let x(n) = -115182*n - 460725. Determine x(-4).
3
Let c(b) = 849*b + 48373. Determine c(-57).
-20
Let u(t) = 23*t**2 - 2215*t + 21. Calculate u(0).
21
Let f(u) = -119*u - 8040. Calculate f(-61).
-781
Let n(h) = h**3 + 181*h**2 + 457*h - 74554. Calculate n(-176).
-106
Let n(j) = 1077*j - 13054. What is n(12)?
-130
Let w(k) = -2*k**2 - 2056*k - 391048. What is w(-252)?
56
Let c(v) = -4184*v**2 + 1046*v - 1046. Give c(1).
-4184
Let x(g) = -g**2 + 1280*g - 327114. Calculate x(927).
117
Let n(k) = 98*k**2 + 5038*k + 1998. Calculate n(-51).
-42
Let b(a) = 28641*a + 601580. Give b(-21).
119
Let z(s) = s**3 - 132*s**2 - 11273*s - 248. Calculate z(-59).
-12
Let d(n) = -n**3 + 1138*n**2 - 10105*n - 505. What is d(9)?
-1
Let m(o) = -4*o**2 - 898*o + 28093. Determine m(-252).
373
Let w(t) = 144907*t - 22460593. What is w(155)?
-8
Let r(i) = -i**2 + 20*i + 8. Calculate r(-33).
-1741
Let d(x) = -x**2 - 1895*x + 173257. What is d(88)?
-1247
Let h(d) = -1765*d - 1436695. Calculate h(-814).
15
Let y(g) = 37331*g + 1791836. What is y(-48)?
-52
Let n(x) = -x**2 - 26330*x - 4291233. Determine n(-164).
-9
Let m(k) = -k**3 - 106*k**2 - 7080*k - 787965. What is m(-108)?
3
Let o(s) = 48542*s - 1262275. Calculate o(26).
-183
Let j(s) = 23927*s - 95643. Determine j(4).
65
Let c(q) = 32*q**2 - 164*q + 930. Give c(6).
1098
Let l(t) = -t**2 + 32*t + 229. What is l(28)?
341
Let v(f) = f**2 - 70*f + 394. Give v(35).
-831
Let w(f) = -2*f**3 - 8*f**2 - 70*f - 368. Give w(-5).
32
Let c(p) = p**2 + 9617*p + 3536617. Calculate c(-383).
-5
Let d(n) = 9*n**2 - 7*n - 143. Give d(7).
249
Let u(o) = -180*o + 66484. Determine u(369).
64
Let f(k) = 6*k**3 + 237*k**2 - 110*k + 584. Calculate f(-40).
184
Let t(s) = -s**2 + 60510*s + 302557. Calculate t(-5).
-18
Let i(p) = -65*p**2 + 448*p - 2864. Determine i(6).
-2516
Let f(a) = -a**3 + 6*a**2 + 989*a + 4101. Determine f(-26).
19
Let k(l) = -478*l - 129645. Calculate k(-271).
-107
Let f(t) = -179*t**2 + 4541*t + 73. Give f(25).
1723
Let n(g) = -3*g**3 + 154*g**2 + 108*g - 327. What is n(52)?
-119
Let p(d) = 474943*d - 1899856. Give p(4).
-84
Let s(g) = -g**3 - 93*g**2 - 2063*g + 381. What is s(-37)?
48
Let m(s) = s**2 - 446*s + 15136. Calculate m(409).
3
Let z(u) = -4*u**2 - 124*u + 79. Calculate z(1).
-49
Let m(y) = -16017*y - 1201490. Calculate m(-75).
-215
Let t(z) = -921*z - 9172. What is t(-10)?
38
Let i(z) = 14*z**2 + 345*z - 2097. What is i(9)?
2142
Let n(x) = -1329*x + 533023. Determine n(401).
94
Let i(m) = -9*m**3 - 10969*m**2 + 2256*m - 221865. Give i(-1219).
-7
Let y(a) = -3*a**2 - 1336*a - 112666. Determine y(-113).
-5
Let r(x) = -127*x**2 - 14502*x - 2758. Calculate r(-114).
-22
Let u(v) = -2*v**3 + 295*v**2 + 5166*v - 17. Calculate u(-16).
1039
Let c(u) = 411*u**2 - 415516*u - 5051. Determine c(1011).
4
Let y(h) = h**3 + 94*h**2 - 2389*h - 12566. Calculate y(-114).
-140
Let m(h) = -104*h + 12047. What is m(121)?
-537
Let w(y) = y**3 - 18*y**2 - 101*y + 6. Determine w(19).
-1552
Let m(b) = 1303*b - 1513. Calculate m(0).
-1513
Let u(i) = -i**3 + 3*i**2 + 7199*i + 24723. What is u(88)?
-5
Let i(l) = 48160*l + 2696930. Determin